[INFO] cloning repository https://github.com/barreyo/DAT205-advanced-computer-graphics
[INFO] running `Command { std: "git" "-c" "credential.helper=" "-c" "credential.helper=/workspace/cargo-home/bin/git-credential-null" "clone" "--bare" "https://github.com/barreyo/DAT205-advanced-computer-graphics" "/workspace/cache/git-repos/https%3A%2F%2Fgithub.com%2Fbarreyo%2FDAT205-advanced-computer-graphics", kill_on_drop: false }`
[INFO] [stderr] Cloning into bare repository '/workspace/cache/git-repos/https%3A%2F%2Fgithub.com%2Fbarreyo%2FDAT205-advanced-computer-graphics'...
[INFO] running `Command { std: "git" "rev-parse" "HEAD", kill_on_drop: false }`
[INFO] [stdout] c22ee132a2b6b9ad8b11840b3867cc28f2cdc05e
[INFO] checking barreyo/DAT205-advanced-computer-graphics against try#72f88fc4e9458f89516a0b8b0868f3718aec5b47 for pr-74989
[INFO] running `Command { std: "git" "clone" "/workspace/cache/git-repos/https%3A%2F%2Fgithub.com%2Fbarreyo%2FDAT205-advanced-computer-graphics" "/workspace/builds/worker-4/source", kill_on_drop: false }`
[INFO] [stderr] Cloning into '/workspace/builds/worker-4/source'...
[INFO] [stderr] done.
[INFO] validating manifest of git repo https://github.com/barreyo/DAT205-advanced-computer-graphics on toolchain 72f88fc4e9458f89516a0b8b0868f3718aec5b47
[INFO] running `Command { std: "/workspace/cargo-home/bin/cargo" "+72f88fc4e9458f89516a0b8b0868f3718aec5b47" "read-manifest" "--manifest-path" "Cargo.toml", kill_on_drop: false }`
[INFO] started tweaking git repo https://github.com/barreyo/DAT205-advanced-computer-graphics
[INFO] finished tweaking git repo https://github.com/barreyo/DAT205-advanced-computer-graphics
[INFO] tweaked toml for git repo https://github.com/barreyo/DAT205-advanced-computer-graphics written to /workspace/builds/worker-4/source/Cargo.toml
[INFO] crate git repo https://github.com/barreyo/DAT205-advanced-computer-graphics already has a lockfile, it will not be regenerated
[INFO] running `Command { std: "/workspace/cargo-home/bin/cargo" "+72f88fc4e9458f89516a0b8b0868f3718aec5b47" "fetch" "--locked" "--manifest-path" "Cargo.toml", kill_on_drop: false }`
[INFO] [stderr]  Downloading crates ...
[INFO] [stderr]   Downloaded fixedbitset v0.1.6
[INFO] [stderr]   Downloaded tempfile v2.1.5
[INFO] [stderr]   Downloaded generic-array v0.2.1
[INFO] [stderr]   Downloaded num-rational v0.1.36
[INFO] [stderr]   Downloaded num-bigint v0.1.37
[INFO] [stderr]   Downloaded x11-dl v2.13.0
[INFO] [stderr]   Downloaded conrod v0.52.0
[INFO] [stderr]   Downloaded gfx_device_gl v0.14.0
[INFO] [stderr]   Downloaded android_glue v0.2.2
[INFO] [stderr]   Downloaded alga v0.5.1
[INFO] [stderr]   Downloaded num-complex v0.1.37
[INFO] [stderr]   Downloaded deflate v0.7.9
[INFO] [stderr]   Downloaded petgraph v0.2.9
[INFO] [stderr]   Downloaded gif v0.9.1
[INFO] [stderr]   Downloaded draw_state v0.7.0
[INFO] [stderr]   Downloaded log v0.3.7
[INFO] [stderr]   Downloaded typenum v1.8.0
[INFO] [stderr]   Downloaded genmesh v0.4.1
[INFO] [stderr]   Downloaded nalgebra v0.12.2
[INFO] [stderr]   Downloaded jpeg-decoder v0.1.12
[INFO] [stderr]   Downloaded obj-rs v0.4.18
[INFO] [stderr]   Downloaded cgmath v0.7.0
[INFO] [stderr]   Downloaded gfx_core v0.7.0
[INFO] [stderr]   Downloaded alewife v0.0.2
[INFO] [stderr]   Downloaded specs v0.8.1
[INFO] [stderr]   Downloaded noise v0.4.0
[INFO] [stderr]   Downloaded ticketed_lock v0.1.0
[INFO] running `Command { std: "docker" "create" "-v" "/var/lib/crater-agent-workspace/builds/worker-4/target:/opt/rustwide/target:rw,Z" "-v" "/var/lib/crater-agent-workspace/builds/worker-4/source:/opt/rustwide/workdir:ro,Z" "-v" "/var/lib/crater-agent-workspace/cargo-home:/opt/rustwide/cargo-home:ro,Z" "-v" "/var/lib/crater-agent-workspace/rustup-home:/opt/rustwide/rustup-home:ro,Z" "-e" "SOURCE_DIR=/opt/rustwide/workdir" "-e" "CARGO_TARGET_DIR=/opt/rustwide/target" "-e" "CARGO_HOME=/opt/rustwide/cargo-home" "-e" "RUSTUP_HOME=/opt/rustwide/rustup-home" "-w" "/opt/rustwide/workdir" "-m" "1610612736" "--user" "0:0" "--network" "none" "rustops/crates-build-env@sha256:d92eaeed33fa75130ca1ee6c8a01d1ffb62bac859dfdfb3450e3e5d1c0146529" "/opt/rustwide/cargo-home/bin/cargo" "+72f88fc4e9458f89516a0b8b0868f3718aec5b47" "metadata" "--no-deps" "--format-version=1", kill_on_drop: false }`
[INFO] [stdout] 4cd83e4b3d4e53777de51a0c588d8dc25594c5a947ddb648e36cb8e572a27173
[INFO] [stderr] WARNING: Your kernel does not support swap limit capabilities or the cgroup is not mounted. Memory limited without swap.
[INFO] running `Command { std: "docker" "start" "-a" "4cd83e4b3d4e53777de51a0c588d8dc25594c5a947ddb648e36cb8e572a27173", kill_on_drop: false }`
[INFO] running `Command { std: "docker" "inspect" "4cd83e4b3d4e53777de51a0c588d8dc25594c5a947ddb648e36cb8e572a27173", kill_on_drop: false }`
[INFO] running `Command { std: "docker" "rm" "-f" "4cd83e4b3d4e53777de51a0c588d8dc25594c5a947ddb648e36cb8e572a27173", kill_on_drop: false }`
[INFO] [stdout] 4cd83e4b3d4e53777de51a0c588d8dc25594c5a947ddb648e36cb8e572a27173
[INFO] running `Command { std: "docker" "create" "-v" "/var/lib/crater-agent-workspace/builds/worker-4/target:/opt/rustwide/target:rw,Z" "-v" "/var/lib/crater-agent-workspace/builds/worker-4/source:/opt/rustwide/workdir:ro,Z" "-v" "/var/lib/crater-agent-workspace/cargo-home:/opt/rustwide/cargo-home:ro,Z" "-v" "/var/lib/crater-agent-workspace/rustup-home:/opt/rustwide/rustup-home:ro,Z" "-e" "SOURCE_DIR=/opt/rustwide/workdir" "-e" "CARGO_TARGET_DIR=/opt/rustwide/target" "-e" "CARGO_INCREMENTAL=0" "-e" "RUST_BACKTRACE=full" "-e" "RUSTFLAGS=--cap-lints=forbid" "-e" "CARGO_HOME=/opt/rustwide/cargo-home" "-e" "RUSTUP_HOME=/opt/rustwide/rustup-home" "-w" "/opt/rustwide/workdir" "-m" "1610612736" "--user" "0:0" "--network" "none" "rustops/crates-build-env@sha256:d92eaeed33fa75130ca1ee6c8a01d1ffb62bac859dfdfb3450e3e5d1c0146529" "/opt/rustwide/cargo-home/bin/cargo" "+72f88fc4e9458f89516a0b8b0868f3718aec5b47" "check" "--frozen" "--all" "--all-targets" "--message-format=json", kill_on_drop: false }`
[INFO] [stdout] 6838bffd3fe050e4a51a3ec6db7398d9e461f735a3d44ccd47d82aa6f05e984a
[INFO] [stderr] WARNING: Your kernel does not support swap limit capabilities or the cgroup is not mounted. Memory limited without swap.
[INFO] running `Command { std: "docker" "start" "-a" "6838bffd3fe050e4a51a3ec6db7398d9e461f735a3d44ccd47d82aa6f05e984a", kill_on_drop: false }`
[INFO] [stderr]     Checking libc v0.2.22
[INFO] [stderr]    Compiling siphasher v0.2.2
[INFO] [stderr]    Compiling bitflags v0.7.0
[INFO] [stderr]     Checking num-traits v0.1.37
[INFO] [stderr]    Compiling dtoa v0.4.1
[INFO] [stderr]    Compiling itoa v0.3.1
[INFO] [stderr]    Compiling semver v0.1.20
[INFO] [stderr]    Compiling khronos_api v1.0.0
[INFO] [stderr]    Compiling log v0.3.7
[INFO] [stderr]     Checking byteorder v1.0.0
[INFO] [stderr]    Compiling rayon-core v1.0.0
[INFO] [stderr]     Checking deque v0.3.2
[INFO] [stderr]    Compiling typenum v1.8.0
[INFO] [stderr]     Checking odds v0.2.25
[INFO] [stderr]     Checking adler32 v1.0.0
[INFO] [stderr]     Checking fixedbitset v0.1.6
[INFO] [stderr]     Checking byteorder v0.4.2
[INFO] [stderr]     Checking linked-hash-map v0.0.10
[INFO] [stderr]     Checking color_quant v1.0.0
[INFO] [stderr]     Checking approx v0.1.1
[INFO] [stderr]     Checking atom v0.3.4
[INFO] [stderr]     Checking fnv v1.0.5
[INFO] [stderr]     Checking inflate v0.2.0
[INFO] [stderr]     Checking scoped_threadpool v0.1.7
[INFO] [stderr]     Checking vec_map v0.6.0
[INFO] [stderr]     Checking threadpool v1.3.2
[INFO] [stderr]     Checking alewife v0.0.2
[INFO] [stderr]    Compiling x11-dl v2.13.0
[INFO] [stderr]     Checking draw_state v0.7.0
[INFO] [stderr]    Compiling xml-rs v0.3.6
[INFO] [stderr]     Checking ticketed_lock v0.1.0
[INFO] [stderr]    Compiling phf_shared v0.7.21
[INFO] [stderr]    Compiling rustc_version v0.1.7
[INFO] [stderr]    Compiling rand v0.3.15
[INFO] [stderr]     Checking stb_truetype v0.2.1
[INFO] [stderr]     Checking deflate v0.7.9
[INFO] [stderr]     Checking petgraph v0.2.9
[INFO] [stderr]     Checking gif v0.9.1
[INFO] [stderr]     Checking shared_library v0.1.5
[INFO] [stderr]     Checking num_cpus v1.4.0
[INFO] [stderr]     Checking time v0.1.37
[INFO] [stderr]    Compiling serde_json v0.9.10
[INFO] [stderr]     Checking obj-rs v0.4.18
[INFO] [stderr]     Checking pistoncore-input v0.18.0
[INFO] [stderr]     Checking nodrop v0.1.9
[INFO] [stderr]    Compiling phf v0.7.21
[INFO] [stderr]     Checking num-integer v0.1.34
[INFO] [stderr]     Checking num-complex v0.1.37
[INFO] [stderr]     Checking enum_primitive v0.1.1
[INFO] [stdout] error[E0034]: multiple applicable items in scope
[INFO] [stdout]    --> /opt/rustwide/cargo-home/registry/src/github.com-1ecc6299db9ec823/petgraph-0.2.9/src/graph.rs:421:21
[INFO] [stdout]     |
[INFO] [stdout] 421 |         assert!(Ix::max().index() == !0 || NodeIndex::end() != node_idx);
[INFO] [stdout]     |                     ^^^ multiple `max` found
[INFO] [stdout]     |
[INFO] [stdout] note: candidate #1 is defined in the trait `IndexType`
[INFO] [stdout]    --> /opt/rustwide/cargo-home/registry/src/github.com-1ecc6299db9ec823/petgraph-0.2.9/src/graph.rs:31:5
[INFO] [stdout]     |
[INFO] [stdout] 31  |     fn max() -> Self;
[INFO] [stdout]     |     ^^^^^^^^^^^^^^^^^
[INFO] [stdout] note: candidate #2 is defined in the trait `Ord`
[INFO] [stdout] help: disambiguate the associated function for candidate #1
[INFO] [stdout]     |
[INFO] [stdout] 421 |         assert!(IndexType::max().index() == !0 || NodeIndex::end() != node_idx);
[INFO] [stdout]     |                 ^^^^^^^^^^^^^^
[INFO] [stdout] help: disambiguate the associated function for candidate #2
[INFO] [stdout]     |
[INFO] [stdout] 421 |         assert!(Ord::max().index() == !0 || NodeIndex::end() != node_idx);
[INFO] [stdout]     |                 ^^^^^^^^
[INFO] [stdout] 
[INFO] [stdout] 
[INFO] [stderr]     Checking osmesa-sys v0.1.2
[INFO] [stderr]    Compiling tempfile v2.1.5
[INFO] [stderr]     Checking arrayvec v0.3.23
[INFO] [stderr]     Checking fs2 v0.2.5
[INFO] [stdout] error[E0308]: mismatched types
[INFO] [stdout]    --> /opt/rustwide/cargo-home/registry/src/github.com-1ecc6299db9ec823/petgraph-0.2.9/src/graph.rs:421:38
[INFO] [stdout]     |
[INFO] [stdout] 374 | impl<N, E, Ty, Ix> Graph<N, E, Ty, Ix>
[INFO] [stdout]     |                -- this type parameter
[INFO] [stdout] ...
[INFO] [stdout] 421 |         assert!(Ix::max().index() == !0 || NodeIndex::end() != node_idx);
[INFO] [stdout]     |                                      ^^ expected type parameter `Ix`, found integer
[INFO] [stdout]     |
[INFO] [stdout]     = note: expected type parameter `Ix`
[INFO] [stdout]                          found type `{integer}`
[INFO] [stdout] 
[INFO] [stdout] 
[INFO] [stdout] error[E0034]: multiple applicable items in scope
[INFO] [stdout]    --> /opt/rustwide/cargo-home/registry/src/github.com-1ecc6299db9ec823/petgraph-0.2.9/src/graph.rs:458:21
[INFO] [stdout]     |
[INFO] [stdout] 458 |         assert!(Ix::max().index() == !0 || EdgeIndex::end() != edge_idx);
[INFO] [stdout]     |                     ^^^ multiple `max` found
[INFO] [stdout]     |
[INFO] [stdout] note: candidate #1 is defined in the trait `IndexType`
[INFO] [stdout]    --> /opt/rustwide/cargo-home/registry/src/github.com-1ecc6299db9ec823/petgraph-0.2.9/src/graph.rs:31:5
[INFO] [stdout]     |
[INFO] [stdout] 31  |     fn max() -> Self;
[INFO] [stdout]     |     ^^^^^^^^^^^^^^^^^
[INFO] [stdout] note: candidate #2 is defined in the trait `Ord`
[INFO] [stdout] help: disambiguate the associated function for candidate #1
[INFO] [stdout]     |
[INFO] [stdout] 458 |         assert!(IndexType::max().index() == !0 || EdgeIndex::end() != edge_idx);
[INFO] [stdout]     |                 ^^^^^^^^^^^^^^
[INFO] [stdout] help: disambiguate the associated function for candidate #2
[INFO] [stdout]     |
[INFO] [stdout] 458 |         assert!(Ord::max().index() == !0 || EdgeIndex::end() != edge_idx);
[INFO] [stdout]     |                 ^^^^^^^^
[INFO] [stdout] 
[INFO] [stdout] 
[INFO] [stdout] error[E0308]: mismatched types
[INFO] [stdout]    --> /opt/rustwide/cargo-home/registry/src/github.com-1ecc6299db9ec823/petgraph-0.2.9/src/graph.rs:458:38
[INFO] [stdout]     |
[INFO] [stdout] 374 | impl<N, E, Ty, Ix> Graph<N, E, Ty, Ix>
[INFO] [stdout]     |                -- this type parameter
[INFO] [stdout] ...
[INFO] [stdout] 458 |         assert!(Ix::max().index() == !0 || EdgeIndex::end() != edge_idx);
[INFO] [stdout]     |                                      ^^ expected type parameter `Ix`, found integer
[INFO] [stdout]     |
[INFO] [stdout]     = note: expected type parameter `Ix`
[INFO] [stdout]                          found type `{integer}`
[INFO] [stdout] 
[INFO] [stdout] 
[INFO] [stderr]     Checking gfx_core v0.7.0
[INFO] [stderr]     Checking pulse v0.5.3
[INFO] [stderr]    Compiling phf_generator v0.7.21
[INFO] [stderr]     Checking memmap v0.4.0
[INFO] [stderr]     Checking noise v0.4.0
[INFO] [stderr]     Checking num-iter v0.1.33
[INFO] [stdout] error: aborting due to 4 previous errors
[INFO] [stdout] 
[INFO] [stdout] 
[INFO] [stdout] Some errors have detailed explanations: E0034, E0308.
[INFO] [stdout] 
[INFO] [stdout] For more information about an error, try `rustc --explain E0034`.
[INFO] [stdout] 
[INFO] [stderr] error: could not compile `petgraph`.
[INFO] [stderr] 
[INFO] [stderr] To learn more, run the command again with --verbose.
[INFO] [stderr] warning: build failed, waiting for other jobs to finish...
[INFO] [stderr] error: build failed
[INFO] running `Command { std: "docker" "inspect" "6838bffd3fe050e4a51a3ec6db7398d9e461f735a3d44ccd47d82aa6f05e984a", kill_on_drop: false }`
[INFO] running `Command { std: "docker" "rm" "-f" "6838bffd3fe050e4a51a3ec6db7398d9e461f735a3d44ccd47d82aa6f05e984a", kill_on_drop: false }`
[INFO] [stdout] 6838bffd3fe050e4a51a3ec6db7398d9e461f735a3d44ccd47d82aa6f05e984a
